est common divisor of 82 and 8?
2
What is the highest common factor of 176 and 8272?
176
What is the highest common divisor of 3296 and 309?
103
Calculate the greatest common factor of 207 and 6141.
69
Calculate the highest common factor of 45 and 165.
15
Calculate the greatest common factor of 182 and 104.
26
Calculate the greatest common factor of 33 and 99.
33
What is the greatest common factor of 10 and 1010?
10
What is the highest common factor of 6697 and 37?
37
What is the highest common divisor of 15 and 515?
5
Calculate the greatest common divisor of 48 and 1200.
48
What is the greatest common factor of 1016 and 16?
8
What is the greatest common divisor of 81 and 216?
27
Calculate the greatest common factor of 2059 and 1334.
29
Calculate the greatest common divisor of 14 and 152.
2
Calculate the greatest common factor of 14 and 49.
7
Calculate the highest common divisor of 35 and 560.
35
Calculate the highest common divisor of 685 and 25.
5
What is the highest common factor of 12 and 87?
3
Calculate the highest common factor of 7176 and 1352.
104
Calculate the highest common factor of 546 and 318.
6
What is the greatest common factor of 8 and 547?
1
What is the highest common factor of 57 and 3?
3
Calculate the highest common divisor of 95 and 760.
95
Calculate the highest common factor of 217 and 49.
7
What is the highest common divisor of 594 and 27?
27
Calculate the greatest common divisor of 4392 and 54.
18
Calculate the greatest common divisor of 2034 and 144.
18
Calculate the highest common factor of 28 and 210.
14
What is the highest common factor of 3195 and 1136?
71
What is the highest common factor of 663 and 561?
51
What is the greatest common factor of 237 and 16195?
79
What is the highest common factor of 48 and 156?
12
What is the highest common divisor of 2097 and 18?
9
What is the highest common divisor of 29 and 261?
29
Calculate the highest common divisor of 36 and 180.
36
Calculate the highest common divisor of 81 and 135.
27
What is the greatest common factor of 4 and 484?
4
What is the greatest common factor of 425 and 275?
25
What is the highest common divisor of 2535 and 2925?
195
What is the greatest common factor of 181808 and 44?
44
Calculate the greatest common divisor of 3342 and 2.
2
Calculate the highest common divisor of 45 and 1125.
45
Calculate the greatest common factor of 40572 and 168.
84
What is the highest common divisor of 484 and 8?
4
What is the highest common factor of 1164 and 6693?
291
Calculate the highest common factor of 32 and 94.
2
Calculate the highest common divisor of 51 and 34.
17
What is the highest common divisor of 48 and 1328?
16
Calculate the greatest common divisor of 162 and 486.
162
Calculate the highest common divisor of 3321 and 41.
41
What is the greatest common divisor of 4185 and 81?
27
What is the highest common divisor of 24273 and 31?
31
Calculate the greatest common factor of 1312 and 5.
1
What is the highest common divisor of 245 and 49?
49
Calculate the greatest common divisor of 22694 and 14.
14
What is the greatest common factor of 10 and 525?
5
What is the highest common divisor of 228 and 138?
6
Calculate the greatest common factor of 5984 and 204.
68
What is the highest common factor of 758 and 10233?
379
What is the greatest common factor of 13 and 2743?
13
What is the greatest common divisor of 10 and 1030?
10
What is the highest common divisor of 2 and 158?
2
Calculate the highest common factor of 12 and 6288.
12
What is the highest common divisor of 695 and 10?
5
What is the greatest common factor of 144 and 264?
24
What is the greatest common factor of 311 and 18?
1
Calculate the highest common factor of 6300 and 1350.
450
What is the highest common divisor of 874 and 1886?
46
What is the highest common factor of 7 and 1309?
7
Calculate the highest common factor of 120 and 320.
40
What is the greatest common divisor of 1292 and 136?
68
Calculate the greatest common factor of 10 and 10.
10
Calculate the greatest common divisor of 87 and 232.
29
Calculate the greatest common factor of 22538 and 118.
118
What is the greatest common factor of 68 and 884?
68
Calculate the highest common factor of 28056 and 28.
28
What is the greatest common factor of 86 and 35174?
86
What is the highest common factor of 205 and 11603?
41
Calculate the highest common factor of 63 and 1629.
9
Calculate the highest common factor of 27 and 837.
27
Calculate the greatest common factor of 24 and 102.
6
What is the greatest common divisor of 913 and 11?
11
Calculate the greatest common factor of 172 and 88.
4
Calculate the highest common factor of 78 and 4953.
39
Calculate the highest common factor of 21463 and 254.
127
What is the greatest common factor of 247 and 1273?
19
Calculate the greatest common divisor of 1833 and 13.
13
What is the greatest common factor of 2 and 298?
2
Calculate the greatest common factor of 13 and 19.
1
What is the highest common divisor of 2 and 1814?
2
What is the greatest common factor of 2214 and 6?
6
Calculate the highest common factor of 7685 and 212.
53
Calculate the highest common factor of 44 and 8.
4
Calculate the greatest common divisor of 48 and 64.
16
What is the highest common divisor of 54 and 702?
54
Calculate the highest common divisor of 47 and 1269.
47
What is the highest common factor of 1315 and 5?
5
Calculate the highest common divisor of 202 and 2.
2
Calculate the greatest common divisor of 260 and 60.
20
What is the highest common factor of 1369 and 37?
37
What is the highest common factor of 14234 and 22?
22
Calculate the highest common divisor of 10 and 1730.
10
What is the highest common factor of 2254 and 14?
14
Calculate the highest common factor of 816 and 51.
51
Calculate the highest common divisor of 189 and 315.
63
Calculate the greatest common factor of 159 and 57081.
159
Calculate the greatest common divisor of 21 and 525.
21
What is the highest common divisor of 238 and 7259?
119
What is the highest common divisor of 8 and 3392?
8
What is the highest common factor of 21709 and 51?
17
Calculate the highest common divisor of 18 and 64737.
9
What is the greatest common factor of 624 and 96?
48
What is the greatest common divisor of 122 and 10?
2
What is the greatest common divisor of 24 and 536?
8
Calculate the highest common divisor of 26 and 2884.
2
What is the highest common divisor of 63 and 1008?
63
Calculate the highest common divisor of 847 and 7.
7
Calculate the greatest common factor of 4303 and 13.
13
Calculate the greatest common factor of 248 and 16.
8
What is the greatest common factor of 36 and 207?
9
What is the highest common factor of 27 and 2889?
27
Calculate the greatest common factor of 9 and 18.
9
Calculate the highest common factor of 9480 and 120.
120
Calculate the greatest common divisor of 62 and 12214.
62
Calculate the highest common factor of 140 and 160.
20
What is the greatest common divisor of 108 and 28?
4
What is the highest common factor of 335 and 75?
5
What is the highest common divisor of 111 and 6?
3
Calculate the highest common divisor of 153 and 36.
9
Calculate the highest common divisor of 7566 and 78.
78
What is the highest common factor of 4719 and 33?
33
What is the greatest common divisor of 20 and 1680?
20
What is the highest common factor of 7 and 21?
7
What is the greatest common factor of 15 and 80?
5
Calculate the highest common factor of 3383 and 17.
17
What is the highest common factor of 9450 and 1650?
150
Calculate the highest common factor of 1 and 608.
1
What is the highest common divisor of 432 and 27?
27
What is the greatest common factor of 16070 and 10?
10
What is the highest common divisor of 124 and 93?
31
What is the greatest common divisor of 26320 and 80?
80
What is the greatest common divisor of 1735 and 20?
5
Calculate the greatest common divisor of 1183 and 91.
91
Calculate the greatest common divisor of 364 and 143.
13
What is the highest common factor of 74 and 74?
74
Calculate the highest common divisor of 126 and 294.
42
Calculate the greatest common factor of 981 and 763.
109
What is the greatest common divisor of 5 and 1?
1
Calculate the highest common factor of 1598 and 102.
34
Calculate the greatest common factor of 57 and 494.
19
Calculate th